-2*z - 2*p - 16 = -3*z, 3*z = 4*p + 46. Let l = z + -105. Let q = l - -96. Let i(a) = a + 6. What is i(q)?
11
Let j(s) = -s**3 - 5*s**2 + 7*s + 17. Suppose 17*y - w = 16*y, y - 2*w = 7. Give j(y).
66
Let z(u) = 13*u. Let c(k) = 4*k - 14. Let l be c(3). Let j be (l - 20/(-12))*-6. Suppose 5 = 2*q + 3*t, -j*t - 2*t + 9 = 5*q. Determine z(q).
13
Let h(q) = q**2 + 9*q - 5. Let y(g) = -8*g**2 - 15*g + 67*g - 25*g - 18 + 2*g**3 - 18*g. Let j be y(3). Give h(j).
-5
Let d(u) be the first derivative of 2*u + 1/4*u**4 - 193 + 1/3*u**3 - 5/2*u**2. Give d(3).
23
Suppose n - 1 = 25. Suppose 6 = 4*t + n. Let m(y) = -y**3 - 4*y**2 + 8*y + 4. Calculate m(t).
-11
Let x(m) = -175 - 2*m**2 - 179*m + 175 + m**2 + 179*m. Let s = 1 + 0. Calculate x(s).
-1
Let y(j) = -j - 7. Suppose 218 = 19*m + 47. Suppose w - 3*t + 21 = 0, 12*t = m*t + 12. Calculate y(w).
2
Let h be (-42)/98*231/99. Let o(x) = -24*x - 38. Calculate o(h).
-14
Let u = -394 + 396. Let g(t) = 8*t - 57*t**u - 24 + 56*t**2 + 22. Calculate g(7).
5
Let w(u) = -u**2 - 7*u + 3. Let r = 39 - 31. Let i be -4 - (3/(-1) + 3). Let p be -1 - i - (1 + r). What is w(p)?
9
Let d = -2332 - -2329. Let s(u) be the third derivative of -u**6/180 - u**5/24 - u**4/12 - u**3/3 - 4*u**2. Let y(n) be the first derivative of s(n). Give y(d).
-5
Let m(z) = 9*z - 47. Let x be m(6). Suppose p = x*p - p. Let j(o) = -o**3 + o**2 - o + 6. Give j(p).
6
Let l(x) = 3*x**2 - 20*x - 3. Let g(r) = r**2 - 7*r - 1. Let s(y) = 8*g(y) - 3*l(y). Determine s(5).
-4
Let o(d) = d**3 + 9*d**2 + 18*d - 9. Let a be (2 - ((-82)/20 - -6)) + 255/(-50). Calculate o(a).
1
Suppose -22*t = -19*t - 6. Suppose 0*n + 4 = t*n. Suppose g - 4 = -p + 3*g, -5*p + 28 = -n*g. Let a(o) = -o**2 + 5*o + 1. Determine a(p).
-5
Let n be (-9)/1 + 351/(-39). Let y(j) = -j**2 - 23*j + 8. Determine y(n).
98
Let s(f) = 14*f + 11*f - 23*f - 8 + 27. What is s(9)?
37
Let q(i) be the first derivative of i**3/3 - 5*i**2 - 11*i - 28. Let c(z) = z**3 - z**2 - 7*z + 15. Let m be c(3). Calculate q(m).
13
Let g(a) = 1 - 3*a - 2 + 6. Let c(k) = -4*k**2 + 2*k - 1. Let w(b) = -b**2 - b - 1. Let q(o) = -c(o) + 3*w(o). Let r be q(6). Calculate g(r).
-7
Let x(f) = -6*f + 49. Let w(y) = -2*y + 63. Let q be w(28). Give x(q).
7
Let s(t) = 3*t + 1. Let d(v) = 1. Let g(u) = 3*d(u) + s(u). Let z(k) = 2*k**2 + 74*k - 68. Let j be z(-31). Let h be j/(-100) - (-2)/(-5). Determine g(h).
16
Suppose -g + 8 = 3*g. Let b(k) = -105 + 11*k**g + 104 + k**2. Let h(z) = 2*z - 3. Let w be h(2). What is b(w)?
11
Suppose 57*d = 78*d. Let i(v) be the third derivative of 0 + 7/60*v**5 + 0*v**4 + d*v**3 + 0*v + 19*v**2. Give i(1).
7
Let f(n) = 2*n**2 - 3*n + 4. Let k(a) = -a**2 + a - 1. Let u(p) = f(p) + 3*k(p). Let v = -23 + 28. Suppose -v*w + 0 - 10 = 0. Determine u(w).
-3
Let n(g) = -2*g - 3. Let h(f) = 7 - 11*f - 5*f + 27*f. Let w be h(-2). Let i = w - -12. Calculate n(i).
3
Let w be -4*(57/(-12) - -2). Let t(g) = -5*g**2 + 3*g. Let n(m) = -25*m**2 + 16*m. Let v(z) = w*t(z) - 2*n(z). Let d be 11/8 + (-255)/(-408). Calculate v(d).
-18
Let l be (3 + ((-25)/(-6) - 5))*6. Let t(k) = 15*k + 1 - 14*k - l. What is t(8)?
-4
Let r(u) = u + 9. Let g(d) = 5*d**3 - 10*d**3 + 2*d + 4 + d**3 + 3*d**3. Let f be g(0). Suppose m + 0*l = 2*l, f*m + 12 = 5*l. What is r(m)?
1
Let o be ((-3940)/591)/(-2*2/3). Let k(n) = -n**3 + 6*n**2 - 7*n + 15. Give k(o).
5
Let x(o) be the first derivative of -o**4/4 - 20*o**3/3 - 13*o**2/2 + 107*o + 2880. Give x(-19).
-7
Let r(w) be the second derivative of w**4/8 - w**3/2 - 71*w**2/2 - 18*w - 6. Let c(p) be the first derivative of r(p). Suppose 4*h + 30 = -h. Calculate c(h).
-21
Let q be -7 + (25 - (21 + -7)). Let g(f) be the third derivative of -1/12*f**q + 11*f**2 - 1/60*f**5 + 0*f - 1/2*f**3 + 0. Give g(-3).
-6
Let l(t) = 7*t**2 - t**3 - t**2 - 403*t + 1 + 412*t. What is l(8)?
-55
Let y(b) be the third derivative of b**4/24 - 11*b**3/2 - 57*b**2. Let j be y(24). Let o(h) = -h. Determine o(j).
9
Let r(o) = -67*o + 35*o - 2*o**2 + 6 + 35*o. Let z be r(0). Suppose -4*u - z = -5*k - 1, -2*k + 2 = u. Let g(y) = 16*y**2. Determine g(k).
16
Let q(h) = h + 2. Let c = -32 - -74. Suppose -c*a - 10 = -37*a. Give q(a).
0
Let n be ((-33)/6 + 1)*-2. Let a(p) = p**3 - 6*p**2 + 2*p + 30. Let g be a(4). Suppose 9*v + n = g*v. Let r(k) = k + 2. Determine r(v).
-1
Let u(b) be the third derivative of 5*b**4/12 + 79*b**3/6 - 6107*b**2. Give u(-9).
-11
Let t(v) = 789*v**2 + 807*v**2 - 1597*v**2 - 36 - 3 + 14*v. Calculate t(13).
-26
Let w(l) = l - 123. Let t(d) = -3*d + 319. Let p(o) = -3*t(o) - 8*w(o). What is p(-11)?
16
Let y(m) = 5*m**2 + 8*m + 3. Let k = 214 + -210. Let f(i) = i**2. Let r(l) = k*f(l) - y(l). What is r(-6)?
9
Let p = 10733 + -10733. Let b(t) = -40*t + 6. Give b(p).
6
Let q(y) = 4*y**2 + 517*y - 152. Let k(c) = 2*c**2 + 228*c - 76. Let g(j) = -9*k(j) + 4*q(j). What is g(11)?
10
Let c(i) = 44*i**2 - 5*i - 3. Let f(a) = -15*a**2 + 2*a + 1. Let d(m) = 3*c(m) + 8*f(m). Let g = 133 + -193. Let w be 10/6 + 40/g. What is d(w)?
12
Let u be 48*(-2)/21 - 24/(-42). Let c be 21/u*(-16)/12. Let w(r) = -r**2 + 7*r + 2. Give w(c).
2
Let p(h) be the third derivative of 1/6*h**3 + 0*h**5 + 1/24*h**4 - 6*h + 4*h**2 + 0 + 1/120*h**6. What is p(-1)?
-1
Suppose -a = 3*v + 10, -4*v = 2*a - 2*v + 4. Let u be (80/3)/10*(-3)/a. Let x(j) = -4*j + 3. Let l(g) = 3*g - 2. Let q(s) = u*x(s) - 5*l(s). Give q(4).
2
Let n(v) be the third derivative of v**7/2520 - 7*v**6/720 - v**5/60 + 35*v**4/8 - 43*v**2. Let s(k) be the second derivative of n(k). Give s(6).
-8
Let t(o) be the third derivative of -3*o**4 - 76*o**3/3 + o**2 - 17*o + 9. Calculate t(-2).
-8
Let p(z) = -66*z - 45. Let l(g) = -11*g - 7. Let v(m) = -13*l(m) + 2*p(m). Suppose -16*n + 11*n = -15. Suppose 0 = 2*h - n*h + 1. What is v(h)?
12
Let x(w) = -9*w**2 + 15*w + 31. Let p(n) = -7*n**2 + 14*n + 20. Let s(q) = 4*p(q) - 3*x(q). What is s(13)?
-39
Let z(i) = 6*i - 170*i**3 + 302*i**3 - 133*i**3 - 5*i**2 - 1. Give z(-5).
-31
Let i(z) = 9*z**2 - 2 + z**3 - 120*z + 36*z + 33*z + 30*z + 28*z. What is i(-8)?
6
Let y(b) be the second derivative of -1046*b**2 + 528*b**2 - 78*b + 520*b**2 - 2*b**3. Calculate y(-3).
40
Let q = 506 + -322. Suppose 3*o + 2*o = -4*t + 368, q = 2*t + 5*o. Let x(n) = t*n + n**2 - 92*n - 1 + 7*n**3. Give x(1).
7
Let u(j) = 12*j - 48. Let m(z) = -2*z + 1. Let t(h) = -4*m(h) - u(h). What is t(14)?
-12
Let b(x) = 4*x - 22*x**2 + 21*x**2 - 2*x + 2. Determine b(-4).
-22
Let x(t) = t**2 + 5*t - 3. Let b = -790 + 802. Let m be 2/b - (-592)/(-96). Give x(m).
3
Let m be 12/(-24) + (-2)/((-8)/10). Let z(w) be the second derivative of 0 + 1/6*w**3 - m*w**2 - 1/12*w**4 - 5*w. Calculate z(3).
-10
Let v(c) = -c**3 - 13*c**2 + 2*c + 24. Let z be v(-13). Let d be (4/3)/(z/(-3)). Let b(o) = d*o - o**2 - 2*o + 12 + 7*o. Determine b(9).
-6
Suppose -864*k + 36 = -862*k. Suppose 0 = 5*s + 3*p - 29, -k*s + 16*s - 7 = -5*p. Let l(i) = i**2 - 12*i + 14. Calculate l(s).
-18
Let m(q) = -q + 5. Suppose 10*t - 360 = 7*t. Suppose 3*z + z + t = 0. Let f = z - -34. Give m(f).
1
Let g = 39 + -5. Let l be 6/14 + g/(-14). Let c(n) be the second derivative of -n**5/20 - n**4/12 + n**3/2 + n**2/2 - 27*n. Calculate c(l).
-1
Let a be 10/(-4 - 1)*((-7905)/62)/51. Let w(z) = -5*z**2 + 0*z**2 - 2 + 4*z**2. Determine w(a).
-27
Suppose 20*n + 152 = 302 + 10. Let x(f) = -20*f + 36. Let q(g) = 4*g - 7. Let s(h) = -14*q(h) - 3*x(h). Give s(n).
22
Let w be (-8)/(-6)*(3 + 0). Let p be (-20 - -19)/((-4)/28) + -6. Let g(n) = 6 + p - w*n - 4. What is g(2)?
-5
Suppose 8 = -24*a - 64. Let g be a*(-5 - 1 - -12). Let o(n) = n**3 + 18*n**2 - n - 21. What is o(g)?
-3
Let u(l) = -l**3 - 20*l**2 - 36*l - 19. Let z = 1483 - 1501. Determine u(z).
-19
Suppose 3*r = -4*q + 8, -q - 4*q - 3*r = -10. Suppose -3*u - q*u + 25 = 0. Let g(l) = -l**2 + 1 - u*l - 3 - 3. Calculate g(-5).
-5
Let h(k) be the first derivative of 2*k + 0*k**2 + 2*k**3 + 1/4*k**4 + 9. Let d = -1 + -5. Calculate h(d).
2
Suppose -382*h = 212 - 8998. Let y(d) be the first derivative of -h + 1/3*d**3 - 12*d + 4*d**2. What is y(-9)?
-3
Let m(l) = 17*l - l**2 - 315 + 312 - 7*l - 17*l. Let v(q) = 2*q. Let u be v(-3). Give m(u).
3
Let m(u) = -u**3 + 8*u**2 - 3*u - 2. Let x = -2873 + 2880. Give m(x).
26
Let h(j) = -5*j. Let o(d) be the first deriv